?
22
Suppose -783 = -10*y + 327. Let x = y + 118. What is the remainder when x is divided by 29?
26
Let v(b) = 78*b**2 + 7*b - 1. Let c(s) = -156*s**2 - 13*s + 1. Let g(w) = -4*c(w) - 7*v(w). Calculate the remainder when g(-1) is divided by 24.
6
Let i = 33 + -16. Let x = 13 + i. Let f = x - -38. What is the remainder when f is divided by 18?
14
Let x = -421 + 540. Calculate the remainder when x is divided by 24.
23
Let m be 9/(-2)*((-12)/18 - 0). Suppose -35 = -m*f + 10. Calculate the remainder when ((-236)/6)/((-10)/f) is divided by 10.
9
Suppose -4*h + 2*r + 598 = 0, -r - 123 = -h + 28. Calculate the remainder when h is divided by (2/15)/((-252)/140) - (-12168)/243.
48
Suppose 17*v - 13*v = 24. Let j(r) = r**2 + 6*r - 4. Let y be j(-5). What is the remainder when (-27 - 0)*3/y is divided by v?
3
Let s(n) = n**2 + 11*n - 54. Let q be s(0). Let j = -36 - -148. Calculate the remainder when j is divided by (-8 - q/6)*(-2 - -25).
20
Suppose 3*f + 318 = 5*v, -f + 68 = v - 6*f. Suppose -m + 22*m = v. What is the remainder when 3 is divided by m?
0
Let d(o) = -o**2 + 7*o - 10. Let p be d(3). Suppose -h - p*h = 4*z - 271, 3*h - 201 = -3*z. Calculate the remainder when z is divided by 19.
13
Let m be (-8)/10 - (5 - 183/(-15)). Let g = 56 - 14. Let l = g + m. Calculate the remainder when 69 is divided by l.
21
Suppose 365*n - 2060 = 370*n. Let l = n + 415. Calculate the remainder when 30 is divided by l.
0
Suppose -4*i + 0*i + 5*w + 237 = 0, -3*i - 3*w + 144 = 0. Calculate the remainder when i is divided by 16 + -22 - (3 + -1 + -13).
3
Let k(l) = 52*l**2 - 6*l + 75. Calculate the remainder when k(7) is divided by 63.
61
Let g = 1242 + -2015. Let a = g + 781. Calculate the remainder when 8 is divided by a.
0
Calculate the remainder when 342 + 24 + 7/(14/(-12)) is divided by 128.
104
Suppose -14184 = -29*y + 8758 - 6673. What is the remainder when y is divided by 76?
29
Suppose -t = -2*x + 1, -2*t - 4*x = -21 - 17. Suppose 13*s = t*s - 4*w - 8, -3*s - 2 = 2*w. What is the remainder when 56 is divided by s?
0
Let r = 0 + -1. Let o(c) = -25642*c - 51273. Calculate the remainder when (-27)/(-2)*(r - -9) is divided by o(-2).
9
Let l(z) = -2*z**2 + 8*z + 121. Calculate the remainder when l(9) is divided by 8/(-12) - (-47)/3.
1
Let v = -1487 - -2069. What is the remainder when v is divided by 16?
6
Suppose 0 = -5*z - 74 - 1. Let y be (18/z)/(15/250). Let o = 49 + y. Calculate the remainder when 55 is divided by o.
26
Let d be (-568)/16*(-5 + -1)/3. Suppose 3*n + 0*n + d = 2*r, -5*r + 5*n = -190. Calculate the remainder when r is divided by 31.
12
Suppose 16*o - 29*o + 1183 = 0. Let j(q) = 3*q - 9. Let z(i) = 1. Let l(u) = j(u) + 5*z(u). What is the remainder when o is divided by l(9)?
22
Let c = 8544 + -8528. Calculate the remainder when 7454 is divided by c.
14
Suppose 2*z = -6, 3*o = z - 3*z + 60. Suppose -3*d = -38*d - 135*d - 87*d + 1285. What is the remainder when o is divided by d?
2
Suppose 5*n = 4*r + 28, -14 = 4*n + 2*r - 26. What is the remainder when (-1010)/n*50/(-125) is divided by 26?
23
Suppose 1708*j - 872 = 1700*j. What is the remainder when j is divided by 96?
13
Let o be ((-2)/(-3))/(7 - 246/36). Suppose 4*c + o*d - 240 = -0*c, 3*d = 4*c - 268. What is the remainder when 251 is divided by c?
59
Suppose -8*i - 92 = -12*i. Let l = -3719 - -3727. What is the remainder when i is divided by l?
7
Suppose 24 + 138 = 5*c - 2*r, -3*r - 3 = 0. Suppose 0 = c*w + 4*w - 936. What is the remainder when w is divided by 12?
2
Let q = 64 - 45. Let m be ((-270)/40)/((-9)/552). Suppose 5*l - 125 = -s, 5*s + l - m = 331. Calculate the remainder when s is divided by q.
17
Let g = -2657 - -2706. What is the remainder when 286 is divided by g?
41
Suppose 3*j = -5*b + 51, 0*b - 5*j = 5*b - 55. Let d be ((-32)/(-14) - 2) + 1276/(-203). Calculate the remainder when ((-87)/d + -4)*(-92)/(-6) is divided by b.
8
Let a = 96 + -91. Suppose 0 = -2*v + 4*y + 62, 133 + 1 = a*v - 3*y. What is the remainder when 148 is divided by v?
23
Let y = 2 + -39. Let o = y - -39. Suppose 4*v - 2 = o*r + 48, 10 = v - 3*r. Calculate the remainder when 25 is divided by v.
12
Suppose 4*i - 18 - 18 = 0. Let v(u) = -10*u - 2*u**2 + 3*u**2 + 0*u**2 + 20 + 3*u. What is the remainder when v(6) is divided by i?
5
Suppose 25*z = 30*z - 85. Suppose 4*n - 4*g - 200 = 0, z*n - 21*n = g - 200. Calculate the remainder when n is divided by 26.
24
Suppose 4*q + 8 = -4*l, 2*l = 4*q + q + 10. Suppose 5*i - 9*i + 84 = l. Let w(k) = -k**3 + 8*k**2 + 10*k + 1. What is the remainder when w(8) is divided by i?
18
Let r(n) = -n**3 - 3*n**2 - 2*n - 3. Let t = 11 + -15. Suppose -5*z + 348 = 4*b - z, -3*b + 241 = -z. Calculate the remainder when b is divided by r(t).
19
Let w(r) = 196 - 229 + r**2 - 3*r - 2*r + 0*r**2. What is the remainder when 50 is divided by w(-5)?
16
Suppose -3*j = -3*m + 2085, 2*m + 46*j = 44*j + 1386. Calculate the remainder when m is divided by 87.
85
Let m(p) = p**2 + 9*p + 26. Let n be (-2 + 7)/(-5)*-9. Let w be (-1)/7*-3 - n/21. Calculate the remainder when m(w) is divided by 9.
8
Let d = 265 - 261. Suppose 2*n + 4*l = 40, -16*n = -15*n - d*l + 4. Calculate the remainder when 90 is divided by n.
6
Let n(a) = a**3 - 10*a**2 + 12*a - 10. Let r be n(9). Let t = 14 + r. Suppose -t = v - 118. Calculate the remainder when v is divided by 11.
10
Let o(r) = 3*r + 42. Let q be o(-16). What is the remainder when 96 is divided by ((-63)/q)/(6/20)?
26
Suppose 92*f - 171*f + 7742 = 0. Calculate the remainder when 338 is divided by f.
44
Let i = -3846 + 9723. What is the remainder when i is divided by 49?
46
Let z(r) = 286*r**2 + 50*r - 5. What is the remainder when z(-2) is divided by 36?
31
Suppose 69*j = 66*j - 4*c + 1752, j = 3*c + 584. What is the remainder when j is divided by 95?
14
Let k be (-4 - (-174)/4)*14/7. Suppose k = 103*q - 102*q. What is the remainder when 141 is divided by q?
62
Let p(z) = -27*z**3 + 2*z**2 + z - 2. Suppose 0 = 3*d - 17 - 16. What is the remainder when p(-1) is divided by d?
4
Calculate the remainder when ((-3822)/195)/(2/(-30) + (-3)/9) is divided by 13.
10
Let n(v) = -v**2 + 14*v + 19. Let c be n(16). Let j = 45 + c. Let l(p) = -p**3 - 2*p**2 - 2*p - 24. Calculate the remainder when l(-5) is divided by j.
29
Let l be -2 - 4 - (-6 - 1) - -6. Suppose -l*j + 149 = -166. Suppose -3*z - 4*o = -o - 270, 342 = 4*z - 2*o. Calculate the remainder when z is divided by j.
42
Suppose 10*z + 253032 = 22*z + 66*z. What is the remainder when z is divided by 295?
294
Suppose 130*y - 5*d + 168 = 132*y, 0 = 3*y - 2*d - 252. Calculate the remainder when 11169 is divided by y.
81
Let w = -72 + 132. Suppose -31*t = -18*t - 91. Calculate the remainder when w is divided by t.
4
Let z(i) = -56*i + 12. Let p be z(-3). Let t = p + -255. Let v = t - -80. What is the remainder when 12 is divided by v?
2
Let x(n) = -n**3 - n**2 + 3*n + 1. Suppose -5*o + 383 - 363 = 0. Let l be (46/69)/(o/(-18)). Calculate the remainder when 18 is divided by x(l).
8
Let t(h) = 3*h**2 + 12*h + 27. Let q be t(-5). Let c = 47 - q. Suppose -v = -n + 156, 2*v - 128 - 680 = -c*n. Calculate the remainder when n is divided by 27.
25
What is the remainder when (-4 + 186/(-21))*-34 - 40/280 is divided by 119?
80
Let a(r) = -2*r - 10. Suppose 2*i = -18 + 6. Let j be a(i). What is the remainder when (j - 5/10)*78 is divided by 40?
37
Let d = -3 + 8. Suppose -q = -3*f - 51, -q = -0*q - 5*f - 43. Suppose -o + 2 = -2*m + 29, 2*o - q = -d*m. Calculate the remainder when 36 is divided by m.
10
Let u be (-304)/80 + 2/(-10). Let z be 3*(-4)/u - -1. What is the remainder when 4 + 167 - (-3 + z) is divided by 43?
41
Suppose 8*f = 5*f + 9. Let b = -2086 + 2089. What is the remainder when b is divided by f?
0
Suppose -2*k = 325 - 301. Calculate the remainder when 54 is divided by (k/(-21))/(1/7).
2
Let b(g) = 4*g**2 - 15*g - 45. Let c = -63 - -60. What is the remainder when 215 is divided by b(c)?
35
Let c be -5 + (-54)/(-12) + 94/(-4). Let u = 81 + c. Calculate the remainder when u is divided by 32.
25
Calculate the remainder when (-876)/9*18/(-4) is divided by (-2046000)/(-60000) + 2/(-20).
30
What is the remainder when (-231)/(-28)*(-25288)/(-87) is divided by 15?
13
Let y = 2014 + -1962. Let b = 116 - -91. What is the remain